2*p. Let n(o) = a*d(o) - 2*w(o). Calculate n(q).
15
Let s(i) = 17*i**2 - 10*i + 15. Let l be s(8). Suppose 1025*h = l*h - 10. Let v(m) = -2*m**2 - 7*m - 5. Calculate v(h).
-20
Let k(c) be the third derivative of -c**6/120 + c**5/5 - 23*c**4/24 - c**3/6 - 11870*c**2. Calculate k(9).
35
Let l(y) be the second derivative of -47/2*y**2 + 0 + 33*y - 5/6*y**3 + 1/24*y**4. Let n(c) be the first derivative of l(c). Determine n(0).
-5
Let r(j) = -46*j. Suppose -65*l = -97*l - 90*l. Give r(l).
0
Let n(j) = 18*j + 127. Let y(t) = 35*t + 222. Let c(o) = 9*n(o) - 5*y(o). Determine c(3).
-6
Suppose 41*t - 42 = 48*t. Let v(o) = 26*o + 4. Calculate v(t).
-152
Let o(y) be the third derivative of -y**5/60 + y**4/6 - 5*y**3/6 + 2*y**2. Let t = 37098 - 37094. Determine o(t).
-5
Let y(u) = 99*u**2 + 2 - 2*u - 44*u**2 - 9 - 54*u**2 + 7*u. Let x = 0 + 4. Let g = -10 + x. What is y(g)?
-1
Let p(x) = -x**2 + 15*x - 3. Let q(o) = 3*o**2 - 44*o + 10. Let z be (-1)/(65/(-30) - -2). Let n(l) = z*q(l) + 17*p(l). What is n(9)?
9
Let z(c) = -4*c**3 + 3*c**2 + c. Let g be z(-1). Let l(o) = -9*o**2 + 10*o - 2. Let t(u) = 9*u**2 - 8*u + 2. Let j(b) = g*t(b) + 5*l(b). What is j(-2)?
34
Let b be 12/6 - (-1 + 1*2). Let w(h) = -4*h + 3 - 4 + 2*h - b. Let l(d) = d**3 + 5*d + 3. Let t be l(0). Calculate w(t).
-8
Let d(w) = -11*w**3 + 10*w**2 + 19*w - 1. Let g(x) = 9*x**3 - 9*x**2 - 18*x. Let o(c) = -4*d(c) - 5*g(c). Calculate o(7).
4
Let x = -2388 - -2382. Let p(w) = -7*w - 58. Calculate p(x).
-16
Let u(i) = 35 + i**2 - 89 + 31 - 6*i + 36. Calculate u(4).
5
Let c(i) be the first derivative of i**4/12 - 5*i**3/6 + 3*i**2/2 - 33*i + 72. Let u(v) be the first derivative of c(v). Determine u(4).
-1
Let f = 23024 + -23022. Let b(i) = -6*i**2 + 15*i - 6. What is b(f)?
0
Let t be (5 - 2)/((-2)/(-4)). Let v(j) be the second derivative of j**5/20 - 7*j**4/12 + 2*j**3/3 + 3*j**2 - j - 58290. Give v(t).
-6
Let r(n) = -n**3 + 2*n**2 + 6*n + 1. Let l(u) = -4*u**3 + 6*u**2 + 26*u + 7. Let q(v) = -l(v) + 5*r(v). Suppose p - c = 10, 2*p = 5*c + 10 + 25. Determine q(p).
-7
Let k(o) = -93*o - 557. Let h(a) = -371*a + 4817. Let g be h(13). Calculate k(g).
1
Let r(c) = -c**3 + 7*c**2 + c - 3. Let n(t) be the first derivative of -1/3*t**3 - 28 - 7/2*t**2 + t. Let o be n(-6). Determine r(o).
4
Suppose -3*p - 3*u = -45, -3*p + u + 31 = -6. Let y(w) = -2*w**2 + 28*w - 23. Let s be y(p). Let o(h) = h**3 - h**2 - h - 5. What is o(s)?
10
Let z(x) = 15*x - 3. Let y(c) = 4*c. Let n(w) = 4*y(w) - z(w). Give n(-8).
-5
Suppose 3*n - 1 = -3*y + 50, 2*n - 2*y = 22. Let h = n - 10. Let a(s) be the first derivative of -s**4/4 + 4*s**3/3 - s**2 - 1. What is a(h)?
-8
Suppose -97*y + 96*y = -181. Suppose y = -4*b + 209. Let q(c) = c**2 - 6*c - 3. Give q(b).
4
Let y(k) = 2*k + 3. Suppose u + 9 = 4*j + 29, u + 4*j = -20. Let x be (-7)/(-6) + (-19)/(684/(-30)). Suppose 3*p + 8 = -s, -s - x*p - 7 = -u*p. Determine y(s).
-7
Let f(w) = -212*w - 9 - 191*w + 3*w**2 - w**2 + 413*w - 3*w**2. Determine f(-9).
-180
Let h(q) be the third derivative of 0*q + 0*q**3 + 0 - 117*q**2 - 1/30*q**5 - 1/12*q**4 + 1/120*q**6. What is h(3)?
3
Let h(i) = -475*i**2 - 470*i**2 - 21*i - 138 + 1419*i**2 + 13 - 473*i**2. Determine h(-5).
5
Let a(c) = 13247*c - 26496*c + 13248*c. Give a(-15).
15
Let g(i) = 2*i**2 + 26*i - 93. Let x be g(-16). Let o(w) = -w**3 + 2*w**2 - 3*w + 4. What is o(x)?
-14
Let p(r) = 8*r**2 - 21*r + 10. Let f(l) = -3 - 6 - 56*l**2 + 19*l + 49*l**2. Let c(k) = -7*f(k) - 6*p(k). What is c(7)?
3
Let m = -1884 - -1881. Let j(f) = -6*f**2 + 4*f + 9. What is j(m)?
-57
Let g be 3 + (-60)/(-6 + 16). Let d(x) = x**2 - 6*x - 18. Calculate d(g).
9
Let l(u) = -u**3 + 5*u**2 + u - 1. Let a be (-5 + -1)*45/135. Let x(z) = 2*z**2 - 22*z - 47. Let v be x(a). Give l(v).
4
Let s(h) = -h**2 + 4*h - 4. Suppose -1995 = -74*z - 1551. What is s(z)?
-16
Let l(x) = -x**3 - 21*x**2 - 39*x - 13. Suppose 4*k = -37*k + 69*k + 532. Give l(k).
6
Let t(y) be the third derivative of -y**5/30 + y**4/12 - y**3/2 + 2*y**2. Let w(k) = -k**2 + 70*k - 1214. Let f be w(32). Determine t(f).
-7
Let a(l) = -17*l**2 - 43*l - 20. Let v(f) = 12*f**2 + 29*f + 13. Let z(c) = -5*a(c) - 7*v(c). Suppose 38*m + 663 = -13*m. What is z(m)?
22
Let r(h) = 3 - 4*h + 8*h**3 - 9*h**3 + 7*h + 3*h**2. Let l be (-2)/(-13) - 1000/(-260). Calculate r(l).
-1
Let v(i) = 12*i**2 - 2*i + 1. Let n(u) = -18*u**2 + 34*u - 12. Let k(t) = -n(t) - 2*v(t). Calculate k(-6).
-26
Let k(o) = -o**3 - 6*o**2 - 6*o + 4. Suppose 0 = -l, -2*l = -5*x + 797 - 262. Suppose 6*u + 275 = x. Let s = u - -23. Give k(s).
9
Let i(l) = 1 - 7*l - 12*l - 2*l. Suppose 0 = 3*n + 2*j - 7*j - 104, -n - j = -40. Suppose n = 9*b + 47. Give i(b).
22
Suppose 357 = 266*s + 252*s - 539*s. Let t(a) = 2*a + 33. What is t(s)?
-1
Let u(k) = -12*k**2 - 596*k + 220. Let n be u(-50). Let c(l) = l**2 - 9*l - 214. Give c(n).
6
Let y(h) = -1 + 5*h**2 - 8*h**2 + 3*h + 3. Suppose 26 = -9*p + 58 - 5. Give y(p).
-16
Suppose 3*o - 18 = -3*z, -4*o + 3*z + 2*z - 12 = 0. Let x(m) = -6 - 2*m - m**o + 3 - 6*m - 3. Give x(-5).
9
Let d(g) be the first derivative of -g**3/3 - 6*g**2 - 20*g + 4664. Give d(-15).
-65
Let p(s) = -72 + 9*s - 69 - s**2 + 208 - 73. What is p(7)?
8
Suppose -4*y - 21 = 22*w - 17*w, 12 = -3*y - 5*w. Let m(k) = k**3 - k + 1. Let i(r) = -3*r**3 - 8*r**2 + 9*r - 15. Let a(v) = i(v) + 2*m(v). What is a(y)?
5
Let z(t) = -5*t**2 + 14*t - 16. Let a(l) = 2*l**2 - l + 3. Let q(m) = -2*a(m) - z(m). What is q(13)?
23
Let n(o) be the second derivative of o**3/6 + 35*o**2/2 + 1952*o + 2. What is n(12)?
47
Let g(o) = -40 + 16*o + 9*o**2 + 15 + 7 - o**3 + 7 - 3. What is g(10)?
46
Suppose t + d = -20, 54 = 6*t - 8*t + 5*d. Let g = t + 19. Let c(z) = -2*z**2 - z. What is c(g)?
-15
Let g(y) be the second derivative of -y**5/20 - 5*y**4/12 + 3*y**3/2 + 9*y**2/2 + 72*y + 77. Let b = -3 + -3. Determine g(b).
-9
Let u(h) = -h**2 + 15*h + 2. Suppose 699 = 11*y + 105. Suppose -4*c + 3*k + y = 0, 3*c - k = 4 + 39. Give u(c).
2
Let o be 8 - (318/(-742) + 59/7). Let z(b) = -b - 13. Let m(k) = -k - 6. Let s(g) = -5*m(g) + 3*z(g). What is s(o)?
-9
Let f(l) = l**2 - 5*l - 5. Suppose -j - 6 = 2*c, -8 - 12 = -4*j + 3*c. Suppose 43 = 5*m + j*s + 17, -4*s = 2*m - 20. Give f(m).
-9
Suppose -5*m + 334 = 2*i, 5*m + 3*i + 258 = 9*m. Suppose 5*g = 7*g - m. Let q be ((-1)/(4/(-2)))/(g/(-66)). Let l(p) = -17*p - 1. What is l(q)?
16
Let w(k) be the second derivative of -k**5/20 - k**4/3 - k**3/6 + 3*k**2/2 + 48*k. Let s be (-23 - -24) + 8/(-2). Determine w(s).
-3
Let n(h) = h**2 + 14 - 43*h + 83*h - 31*h. Determine n(-6).
-4
Let x(k) = 3*k**2 - k - 4. Suppose 2*g - g - 2*o = -6, -3*g - 2*o = -6. Suppose g*i = z + 5*i + 2, i = 3*z - 10. What is x(z)?
20
Let d(k) = -3*k + 51. Let u(a) = -4*a + 55. Let y(x) = 6*d(x) - 5*u(x). What is y(-21)?
-11
Let f(h) be the third derivative of 0 + 1/60*h**5 + 23/3*h**3 - 1/4*h**4 + 0*h - 35*h**2. Let p(m) be the first derivative of f(m). Give p(6).
6
Let i(m) = -15*m - 71. Let a(z) = -8*z - 40. Let v(l) = -7*a(l) + 4*i(l). What is v(-6)?
20
Let p(y) = 2*y**2 + 11*y - 3. Let l = -1597 + 830. Let a = l - -761. What is p(a)?
3
Suppose -x = -0*x - 1. Let m(d) = -x + 5*d - 2*d - 1 - 2*d. Let y be 1/(-1)*4 + (-1 - -2). What is m(y)?
-5
Let f(b) be the first derivative of 3*b**2/2 - 6*b - 13. Let d(z) = -z + 21. Let n be d(-5). Let a = 30 - n. Give f(a).
6
Let s(i) = 5*i - i + 4 - 5 - 3*i + 7. Let g(h) = 5*h + 26. Let m(k) = 2*g(k) - 9*s(k). Determine m(5).
3
Let b(u) = -50*u**3 - u**2 - 15*u - 118. Let x(q) = 43*q**3 + 10*q + 119. Let c(d) = 6*b(d) + 7*x(d). Calculate c(6).
5
Let o(s) = 78*s**2 + 38*s**3 - 16*s**3 - 2*s - 5 - 21*s**3 - 46*s**2 - 36*s**2. Give o(4).
-13
Let w = 2280 - 2286. Let f(a) = -5*a**2 - 19*a. Let u(r) = -16 + 4*r + 0*r**2 + r**2 + 16. Let m(b) = 2*f(b) + 11*u(b). Determine m(w).
0
Let b(g) be the third derivative of -g**6/120 - g**5/10 + 5*g**4/24 - 2*g**3/3 + g**2. Suppose -385 = -13*r + 68*r. What is b(r)?
10
Let l be 458/10 + (-38)/(-190). Let i(q) = 5 - l*q + 47*q - 2*q**3 + 1 + q**3 - 6*q**2. Determine i(-6).
0
Let j(z) = -4*z + 14*z + 5343 - 5349. What is j(4)?
34
Let q(b) = -1 - 4 - 57*b + 30*b + 28*b. Let i(k) = -k**2 - 8*k - 12. Let z = 25 - 29. Let x be i(z). Calculate q(x).
-1
Suppose -14*y + 0*y = -630. L